rime factors of c?
2, 3
Let d = -45 - -77. List the prime factors of d.
2
Let r = 9 + -7. Suppose r*z = -2*i, -2*z = -0*z + 5*i + 12. Let u(l) = l. List the prime factors of u(z).
2
Suppose 0 = 5*z - 3*i - 189 + 12, -3*z + 106 = -2*i. List the prime factors of z.
2, 3
Let b be 1/(-4) + (-14)/8. Let g be 7 + b + (1 - 2). What are the prime factors of (-1)/g - 18/(-8)?
2
Let y = -14 - -162. Suppose -356 = -4*c - y. Suppose -4*p - c = -4*s, -2*p + 18 + 26 = 3*s. List the prime factors of s.
2, 7
Suppose 39 = -3*i + 5*i - 3*p, 2*p + 10 = 0. Let b be (-1 + 3)/(-1) - -4. Let s = i - b. List the prime factors of s.
2, 5
Let i(g) be the third derivative of -g**5/12 - 5*g**4/24 - g**2. Let f be i(-4). List the prime factors of f/(-9) + 2/(-3).
2, 3
Suppose c = -4*c + 190. List the prime factors of c.
2, 19
Suppose 4*s = -j + 2, 5*s + 2 - 6 = -2*j. Let c = j - -10. What are the prime factors of c?
2, 3
Suppose 2*h - 4*h = -8. Suppose h*f - f + t - 59 = 0, 44 = 3*f - 2*t. What are the prime factors of f?
2, 3
Let j(u) = -2*u + 6. Let f be j(-8). Suppose -5*b + 27 = s, -2*s + 4*b = -3*s + f. Suppose s*t - 60 = -3*t. What are the prime factors of t?
2, 3
What are the prime factors of 4 + 5/((-20)/(-84))?
5
Suppose -i + 4*k + 7 = -4*i, -2*k = 2. What are the prime factors of (0 - i) + 15/1?
2
Let w be (2/(-4))/((-2)/92). Suppose 2*c - 30 = 4*u, 5*c - w - 32 = 5*u. What are the prime factors of c?
7
Let z(u) = -u. Let p be z(-2). Suppose 3*t = -d - 19, d = -p*t + 2*d - 21. Let s = t - -13. What are the prime factors of s?
5
Suppose -v = -0*v - 3. Suppose v*g = 9, -10 - 4 = -n + 2*g. What are the prime factors of n?
2, 5
Let y(c) = -8*c**2 + 4*c**2 + 6 - 2*c + 10*c**2 - c**3. What are the prime factors of y(5)?
3, 7
Let y(n) = n**2 + 5*n. Let c(t) = -t - 1. Let k(r) = 3*c(r) - y(r). What are the prime factors of k(-3)?
2, 3
Let s(u) = 27*u - 3. Let h be s(3). Suppose 5*j - 42 - h = 0. What are the prime factors of j?
2, 3
Suppose -y + 78 = 2*y. What are the prime factors of y?
2, 13
Let y(d) = 2*d**3 - 11*d**2 + 6*d - 5. Let x be y(5). Suppose v - 3*v - 121 = -3*w, 4*w - 2*v - 158 = x. List the prime factors of w.
37
Let q = 47 + -32. Let d(w) = -w**3 - 7*w**2 + 8*w - 4. Let k be d(-8). Let j = k + q. List the prime factors of j.
11
Let w(q) = -q - 1. Let x(z) = 3*z + 13. Let b(s) = -6*w(s) - x(s). What are the prime factors of b(6)?
11
Let g = 20 + -20. Suppose 3*a - z = 33, g*a + 55 = 5*a + 5*z. List the prime factors of a.
11
Let o = 1 - 7. Let y = o + 11. Suppose -2*w + 3 = -y. What are the prime factors of w?
2
Let d(c) = c**3 - 4*c**2 - 2*c - 3. Let h be d(4). Let r = -22 + 40. Let k = r + h. What are the prime factors of k?
7
Suppose -3*j + 8*j + 30 = 0. Let x be (6/(-9))/((-4)/j). Let r = 3 + x. List the prime factors of r.
2
Suppose 4*c - 4 = 0, -5*w = -5*c - 74 - 196. What are the prime factors of w?
5, 11
Let s(o) = 3*o - 10. What are the prime factors of s(4)?
2
Let k = -47 + 29. List the prime factors of 4/k - (-976)/18.
2, 3
Suppose 4*y + 35 = n, -4*y - 66 = 3*n - 11. Let w be (-2 - 24/y)*5. Suppose -7*l + 20 = -w*l. List the prime factors of l.
2
Let m(o) = -3*o + 5. Suppose 31 = 4*j - 5*v, -4*j - 3 + 10 = 3*v. Let l be m(j). Let b(q) = -q**2 - 9*q - 4. What are the prime factors of b(l)?
2, 5
Let z(f) = -f + 1. Let x(r) = -18*r**3 - 2*r**2 - 3*r + 4. Let j(w) = -x(w) + 5*z(w). Let i = 27 - 26. What are the prime factors of j(i)?
19
Suppose 4*x + 11*d - 6*d - 25 = 0, -2*d = -2*x - 10. Suppose x = -4*s - 0*s + 116. List the prime factors of s.
29
Let s = 59 + -87. Let w = s - -44. What are the prime factors of w?
2
What are the prime factors of (1 + 108)*((4 - 4) + 1)?
109
Let u = -20 - -13. Let w = 18 + u. List the prime factors of w.
11
Let p = 3 + -2. Let j = 26 + p. What are the prime factors of j?
3
Suppose -s + 3*s - 53 = t, 0 = -5*s + 3*t + 135. What are the prime factors of s?
2, 3
Suppose -21 = -3*c - 0*c. List the prime factors of c.
7
Suppose 0 = r, 3*n + 0 = 2*r - 3. Let j = 1 - n. What are the prime factors of j?
2
Let l = 609 - 399. What are the prime factors of l?
2, 3, 5, 7
Let a(n) = n**2 - 8*n - 8. Let r be a(10). What are the prime factors of 2/6 + 44/r?
2
Suppose -7 = -a + 3. What are the prime factors of (-67)/(-5) + (-4)/a?
13
Suppose 0 = -3*p + 3*t - 92 + 320, -3*t - 6 = 0. List the prime factors of p.
2, 37
Suppose 12*m = -4*m + 4832. List the prime factors of m.
2, 151
Let f(p) = p**3 - 3*p**2 - 3*p - 2. Let k be f(4). Let l be (k/(-3))/(2/(-12)). Suppose l*w - 19 = 17. List the prime factors of w.
3
Let p = 3 + -3. Let r be 49/(-2)*-2 - p. Suppose 4*d = -1 + r. What are the prime factors of d?
2, 3
Let c(d) = d + 6. Let o be c(-6). Suppose -q + k + 11 = o, k + 10 = 2*q + 2*k. List the prime factors of q.
7
Let c = 5 - 5. Let b be (c + 0 + -1)*-7. Let t = 22 - b. What are the prime factors of t?
3, 5
Let n be (4 + -31)*(-20)/6. Suppose 5*t = 2*x + n, 5*t = -x - 0*x + 75. What are the prime factors of t?
2
Suppose 0 = 2*x - 8 - 28. List the prime factors of x.
2, 3
Let d(b) = -b**2 - 5*b + 2. Let z be d(-4). Suppose 0 = -5*o + 3*o + z. Suppose -7 = o*n - 37. List the prime factors of n.
2, 5
Let k(d) = d**3 - 6*d**2 + 2*d - 5. Let v be k(5). Let q = v - -34. Suppose q = 4*r - 6. List the prime factors of r.
5
Let q(w) = 6*w**2 + 5*w - 2. What are the prime factors of q(-7)?
257
List the prime factors of 1*(-12)/(-4) - -57.
2, 3, 5
Suppose -4*g + 12 = 0, -2*n + 7*n + g + 102 = 0. Let c = -9 - n. What are the prime factors of c?
2, 3
Let x(y) = y**3 + y**2 - y - 1. Suppose 2*o = -3*o + 2*c, 3*o + 3*c + 21 = 0. Let u be x(o). Let l = 15 + u. List the prime factors of l.
2, 3
Let s(m) = 2*m - 4. What are the prime factors of s(3)?
2
Let o = -20 - -26. List the prime factors of o.
2, 3
Let u(v) = v + 2. Let n be u(3). Suppose -n*c = -2*c - 18. List the prime factors of c.
2, 3
Let r = 7 + -7. Let f = 9 - r. List the prime factors of f.
3
Let u = 4 + 0. Suppose -2*w - 20 = -3*t, -u*t - 3 = 4*w - 23. Let s(b) = b**3 - 6*b**2 + 3*b - 2. List the prime factors of s(t).
2
Let j = -7 - -12. Suppose j*q = -0*q + 25. What are the prime factors of q?
5
Let o(j) be the second derivative of -j**5/20 + 13*j**4/12 - 3*j**3/2 - 3*j**2/2 + 4*j. List the prime factors of o(12).
3, 11
Let m(p) be the third derivative of 13*p**5/30 + 6*p**2. List the prime factors of m(1).
2, 13
Let u be (-181)/(-4) + 2/(-8). Suppose 2*d + u = -13. Let i = d - -44. What are the prime factors of i?
3, 5
Let r be ((-1)/(-3))/(3/(-27)). Let p = r + 5. What are the prime factors of p?
2
Suppose -2 = -0*a + a. Let r be 78/(-9) - (-2)/3. What are the prime factors of a/r + (-27)/(-4)?
7
Let o be -1 - (0 - 4) - 0. Let v = 0 - -1. What are the prime factors of (39/o - v)*1?
2, 3
Let d = 4 - -4. Suppose -7*t + d = -3*t. Suppose -4*o + t*g = o - 42, o - 6 = -2*g. List the prime factors of o.
2
Let s = 26 - -3. List the prime factors of s.
29
Let r(k) = -k**3 - 7*k**2 + 2*k. Let u be r(-7). Let t be u/(-3)*(-6)/(-2). Suppose -5*q + 22 - 6 = j, 5*q = 4*j - t. What are the prime factors of j?
2, 3
Let n be (1 - -24) + 0 + -1. Suppose n = 5*y + 4. List the prime factors of y.
2
Let n = 294 + -193. List the prime factors of n.
101
Suppose 3*c + l = 18, c + 5*l - 5 = 1. Suppose -60 = 2*b - c*b. List the prime factors of b.
3, 5
Suppose -4*f + c + 14 = -f, 0 = 3*f - 2*c - 16. Suppose u = -u - 2*b, -2*u = 3*b + f. Suppose 2*a + a - 9 = 0, 4*a - 76 = -u*o. What are the prime factors of o?
2
Suppose 12*y = 13*y - 101. What are the prime factors of y?
101
Let g be (-1 - 2/(-2)) + -1. Let i = 7 - g. List the prime factors of i.
2
Let d = -7 - -39. List the prime factors of d.
2
What are the prime factors of ((-2)/4*-66)/1?
3, 11
Let b(u) = 2*u - 25 - 2*u**3 - 3*u + 9*u**2 + 2*u. Let i(o) = -o**3 + 4*o**2 - 13. Let l(f) = 3*b(f) - 5*i(f). What are the prime factors of l(7)?
11
Let z = 22 + -37. Let q = 10 - z. What are the prime factors of q?
5
Let t be (-26)/(-10) - (-2)/5. Suppose -t*k + 134 = 5*p, -4*k - 35 - 3 = -2*p. Let w = -15 + p. What are the prime factors of w?
2, 5
Let j(n) = 5*n + 1. List the prime factors of j(2).
11
Let a(c) = 2*c**3 + c**2 - c - 1. What are the prime factors of a(3)?
59
What are the prime factors of (0 - (0 + 326))*(-15)/30?
163
Let j(f) = -2*f + 